t d be y(16). Suppose -k = 2*k - 81. What is the remainder when k is divided by (d - 0)/((-6)/4)?
7
Let z be (-45)/10*(-4)/(-6). Let m(f) = -f. What is the remainder when m(z) is divided by 2/8 - (-3)/4?
0
Suppose 9*b - 176 = b. Calculate the remainder when 109 is divided by b.
21
Suppose 0*w - w + 17 = 0. Suppose 0*r + 5*r = -5*y + 45, -r + 21 = 5*y. Calculate the remainder when w is divided by r.
5
Let q be (-1)/(2/11 + 45/55). What is the remainder when 89 is divided by q/18*-3 + 53/6?
8
Let q(j) = -j**2 - 4*j + 1. Let r be q(-4). Let c be r + -1 + 8*-8. Let u = -36 - c. What is the remainder when u is divided by 10?
8
Let b = 813 - 504. What is the remainder when b is divided by 35?
29
Let b(s) = -s**2 + 7*s + 7. Let f be b(5). Suppose -f = -c - 7. Calculate the remainder when c is divided by (4/((-16)/3))/(5/(-40)).
4
Let i(a) = -a**2 - 50*a - 323. What is the remainder when 817 is divided by i(-42)?
11
Calculate the remainder when 555 is divided by (-219)/(-6) + (-147)/(-42).
35
Suppose -2*h = 3*h + l - 110, -3*l = -3*h + 84. Suppose 0 = 5*u + d - 2*d - 215, 15 = 3*d. Calculate the remainder when u is divided by h.
21
Let v = -84 - -106. Suppose 5*j = 72 - v. Calculate the remainder when 26 is divided by j.
6
Suppose 13*z - 17*z = -156. Suppose 2*m + 16 = -0*m. Let s(t) = t + 15. Calculate the remainder when z is divided by s(m).
4
Suppose 2*t + 2*t - 28 = -4*i, 2*t + 16 = i. Suppose 0 = -16*p + i*p + 72. Calculate the remainder when 31 is divided by p.
7
Let z(v) = 99*v + 76. Calculate the remainder when z(1) is divided by 48.
31
Let u = -76 + 112. What is the remainder when 140 is divided by u?
32
Let w = 201 + -141. Suppose -y = 5*v - w, 4*y - 120 = v + 57. Let r = y + -31. Calculate the remainder when r is divided by 5.
4
Suppose -5*k - 4*i = -130, 0 = -3*k - 2*i + 65 + 11. What is the remainder when k is divided by 10?
2
Suppose 30*i = i + 2726. What is the remainder when 296 is divided by i?
14
Suppose 0 = -3*h - 18 + 39. Let z(b) = 2*b**3 + 3*b**2 - 2*b + 1. What is the remainder when z(2) is divided by h?
4
Let j(k) = k**3 + 6*k**2 + 2*k + 7. Let p be j(-5). Suppose 2*y - p = -2. What is the remainder when 39 is divided by y?
9
Let y(o) = o + 10. Let g = 48 + -44. What is the remainder when ((-32)/(-12))/(g/6) is divided by y(-7)?
1
Let l(h) = h**3 - 9*h**2 + 21*h + 5. What is the remainder when 97 is divided by l(5)?
7
What is the remainder when -1*1 + (1 - -121) is divided by (-1)/2*(192 + -254)?
28
Suppose 0 = 212*j - 205*j - 140. Calculate the remainder when 397 is divided by j.
17
Suppose 0 = -3*m - 2*m + 2*r + 65, 4*m - 52 = 3*r. Let w(y) = y**2 - 1. Let g be w(-2). Calculate the remainder when (-15)/(g/30*-3) is divided by m.
11
Let l(s) = -s**2 - 13*s - 16. Let k(m) = -12*m**2 + 1. Let n be k(-1). Let b be l(n). Suppose b = d - 3. Calculate the remainder when d is divided by 5.
4
What is the remainder when (-8)/5*(-85)/2 is divided by (-43)/(215/(-50)) - -2?
8
What is the remainder when 63 is divided by -3 - (-72 + -8)/5?
11
Let c = 1986 - 1951. Calculate the remainder when (1 + 0)*(0 + 103) is divided by c.
33
Let f = 1121 + -160. What is the remainder when f is divided by 74?
73
Let f be (4/(-4))/((-3)/(-18)). Calculate the remainder when (-4)/8*(0 - 30) is divided by (f/(-4))/((-24)/(-64)).
3
Suppose 2*x - 7*x - 45 = 0. Let n(b) = b**3 + 9*b**2 - b + 12. Suppose 3*p = 53 + 193. What is the remainder when p is divided by n(x)?
19
Suppose -10*r + 10506 = 41*r. What is the remainder when r is divided by 96?
14
Let i(r) = 2*r + 2. Let a be i(0). Let m(y) = -2*y + 2*y - 4*y - a + 3*y. What is the remainder when 22 is divided by m(-7)?
2
Suppose -3*t - f = 2*f, -5*t + 4*f + 36 = 0. Suppose 3*j + 4*o - 22 = j, t*o + 97 = 5*j. What is the remainder when 67 is divided by j?
16
Let q(p) = 2*p**2 - 5*p + 6. Let n be q(3). Let f = 11 - n. Suppose 0*s + f*s - 10 = 0. What is the remainder when 9 is divided by s?
4
Suppose 3*o + 271 = 4*x, 0 = 3*x - 2*o + 54 - 256. Calculate the remainder when x is divided by 26.
12
Let d(w) = -2*w + 30. Let v be -3 + 6 - 9/3. Let j be d(v). Calculate the remainder when 27 is divided by ((-2)/6)/((-1)/j).
7
Let f(l) = -l**2 - 10*l. Let w be f(-6). Let z = w + -21. What is the remainder when z is divided by 2?
1
Calculate the remainder when 147 is divided by (-12)/9*(-36)/8*3.
3
Suppose -8*w = -23*w + 105. Calculate the remainder when 9 is divided by w.
2
Let d = -7 + 14. Let x be (30 - d) + 4 + -1. Suppose -134 + x = -4*k. Calculate the remainder when k is divided by 15.
12
Suppose 4*c = 3*u - 11, 3*c = -5*u + 6*c + 22. What is the remainder when 64 is divided by (u + -3)*(21/2 + -4)?
12
Suppose 0 = t - 2*m - 114, -4*m = 5*t - 7*m - 535. Suppose -r + 9*r - t = 0. What is the remainder when 218 is divided by r?
10
Suppose 0 = -2*r + 3*r + 2*c - 9, -5*c = -4*r + 23. Calculate the remainder when 39 is divided by r.
4
Let c(n) = -n**2 - n + 1 + 7*n**2 - n**2 + 4*n**2. Suppose 0*x = -2*x + 2. Calculate the remainder when 52 is divided by c(x).
7
What is the remainder when (-1)/(1 + 1300/(-1296)) is divided by 11?
5
Let x(v) = v**3 - 8*v**2 + 5*v + 5. What is the remainder when x(8) is divided by 36?
9
Suppose a - 423 = -8*a. Calculate the remainder when a is divided by 27.
20
Let z = -230 - -354. Let a = -111 + z. Calculate the remainder when 22 is divided by a.
9
Let t = 9 - 6. Suppose u + t*g - 42 = 0, 2*u + 4*g + 10 - 104 = 0. What is the remainder when u is divided by 15?
12
Let v = -21 + 23. Suppose -v*b = -10, -2*b = 4*m + 2*b + 68. Let y = -12 - m. Calculate the remainder when 35 is divided by y.
5
Let i = 20 + -1. Let o = i - 18. Suppose 3*v - 38 - o = 0. What is the remainder when v is divided by 5?
3
Suppose 0 = 2*k + 2*k - 3*m + 6, -k - m + 2 = 0. Suppose -v + 3 = -k. What is the remainder when 14/21 + 94/v is divided by 11?
10
Let f be -2 + 1*(-6)/2. Let d be (f/(-2))/(10/20). Suppose 3*w - 8*a + 3*a = 184, -d*w + 245 = 4*a. Calculate the remainder when w is divided by 14.
11
Suppose -9*t + 6*t - 5*w = -234, 0 = t + 5*w - 88. What is the remainder when t is divided by 40?
33
Suppose 25*r - 1565 + 365 = 0. Calculate the remainder when 239 is divided by r.
47
Suppose 23*w + 24*w = 1081. What is the remainder when 413 is divided by w?
22
What is the remainder when 29 is divided by (-18)/12 - ((-66)/4 + -2)?
12
Let p(x) = x**2 - 6*x + 1. Let l be p(6). What is the remainder when (-1)/4 - 122/(-8) is divided by -7 - -4 - (-11*l - -2)?
3
Let j be (3 + 0)/((-7)/(28/6)). Calculate the remainder when ((225/(-20))/(-15))/(j/(-72)) is divided by 8.
3
Let x(u) = u**3 - u - 1. Let s = 18 - 3. Suppose s = -g + 6*g. Calculate the remainder when 44 is divided by x(g).
21
Suppose 4*k - 2634 = 7*k. Calculate the remainder when k/(-18) + -10*(-5)/225 is divided by 5.
4
Let s = -1330 - -1475. Calculate the remainder when s is divided by 48.
1
Suppose 3*g + 88 = g. Let d = -36 - g. What is the remainder when 15 is divided by d?
7
Let v = -1 - -1. Suppose v = -3*r + 8*r - w - 116, -r - w = -28. Suppose -87*d + 93*d = 420. What is the remainder when d is divided by r?
22
Let a(n) = -n**3 - n + 2. Let d be a(0). Suppose -4*y = -d*y - 124. What is the remainder when y is divided by 16?
14
Let d(s) = 435*s + 2627. Let x(p) = -p - 2. Let v be x(-6). Let q(u) = -u**3 + 4*u**2 + 2*u + 2. Calculate the remainder when d(-6) is divided by q(v).
7
Let w be (32/10)/(7/(-35)). Let g = 26 + w. Let b(s) = -6*s. What is the remainder when b(-3) is divided by g?
8
Suppose 8 = -5*f - 4*a + 66, -f = -2*a - 6. Suppose -16*y + 2*y = -1358. What is the remainder when y is divided by f?
7
Let o(i) = 13*i**3 + 3*i - 2. Suppose n + w = 22, w + 12 = 4*n - 86. Calculate the remainder when n is divided by o(1).
10
Suppose 6*v = 5*v - 2*c + 1381, -5*c + 6925 = 5*v. What is the remainder when v is divided by 58?
55
Suppose 5*c - 705 = 5*k, c - 3*k = -0*k + 145. Let p = -409 + 437. What is the remainder when c is divided by p?
27
Let s(w) = 8*w - 57. Suppose 2*b - 2*q - 20 = 12, b - 5*q - 20 = 0. Calculate the remainder when s(b) is divided by 22.
19
Let g = -18 + 23. What is the remainder when (429/44)/((-6)/(-16)) is divided by g?
1
Let z = 11 + -5. Calculate the remainder when z/33 + 4 + (-3956)/(-22) is divided by 37.
36
Let d be (-3)/